45*v - 6213. Calculate b(-14).
17
Let z(l) = -l**2 + 25*l + 153. Calculate z(-5).
3
Let v(b) = 10*b**3 - 6*b**2 + b + 3. Determine v(-1).
-14
Let q(j) = 2*j**3 + 11*j**2 + 12*j + 11. Determine q(-4).
11
Let a(i) = i**3 + 73*i**2 - 236*i - 6. What is a(3)?
-30
Let j(t) = -t**3 - 8*t**2 + 17*t + 98. What is j(-5)?
-62
Let h(j) = -j**2 - 52*j + 332. Calculate h(6).
-16
Let w(j) = 67*j**2 + 117*j - 260. Determine w(-3).
-8
Let s(k) = 3*k**2 + 81*k + 85. Calculate s(-27).
85
Let j(o) = -o**2 + 126*o + 1809. Give j(-13).
2
Let o(y) = 36*y + 59. What is o(-4)?
-85
Let z(v) = 108*v - 199. Give z(2).
17
Let i(m) = -m**2 + 34*m - 175. Calculate i(28).
-7
Let x(z) = -5*z**2 - 161*z - 162. Determine x(-1).
-6
Let q(j) = j**3 - 117*j**2 + 234*j - 408. Calculate q(115).
52
Let o(x) = x**3 - 20*x**2 - 95*x - 45. Determine o(24).
-21
Let c(x) = -38*x**2 - 66*x + 2. Give c(-5).
-618
Let o(q) = -q**2 - 23*q + 130. Calculate o(4).
22
Let j(a) = a**2 + 274*a + 3144. Determine j(-12).
0
Let d(r) = r**3 - 33*r**2 - 77*r + 411. Give d(35).
166
Let v(l) = -l**3 + 19*l**2 - 43*l + 51. What is v(16)?
131
Let x(b) = -3*b**2 - 159*b - 170. What is x(-52)?
-14
Let v(x) = -47*x + 868. What is v(18)?
22
Let o(h) = -h**2 - 30*h + 452. Calculate o(9).
101
Let k(w) = 5*w - 166. Calculate k(0).
-166
Let y(z) = -3*z**2 - 48*z - 12. Give y(-15).
33
Let f(k) = k**2 - 60*k + 753. Determine f(16).
49
Let r(y) = -25*y + 26. Calculate r(9).
-199
Let z(u) = 10*u**3 + 2*u**2 - 20*u - 30. Give z(-2).
-62
Let t(j) = 10754*j - 516186. Calculate t(48).
6
Let p(q) = 7*q**2 + 15*q + 71. Calculate p(-6).
233
Let h(w) = -172*w**2 - 3*w - 1. What is h(-1)?
-170
Let k(t) = -4*t**3 + 74*t**2 - 37*t - 40. Give k(18).
-58
Let m(v) = v**3 - 16*v**2 + 12*v - 22. What is m(12)?
-454
Let g(a) = 375*a - 656. Give g(2).
94
Let x(q) = q**3 + 2*q**2 - 10*q + 24. Give x(-3).
45
Let j(w) = -w**2 - 103*w - 1012. Calculate j(-11).
0
Let m(u) = -17*u**2 + 3666*u + 1274. Calculate m(216).
-22
Let a(s) = -s**2 + 12*s - 39. Determine a(12).
-39
Let t(k) = k**2 + 170*k - 1623. What is t(9)?
-12
Let i(n) = -102*n + 1533. What is i(15)?
3
Let c(i) = -15*i - 126. Calculate c(8).
-246
Let m(x) = -8870*x + 26605. What is m(3)?
-5
Let q(v) = 33*v - 1898. What is q(57)?
-17
Let q(p) = -p**3 - 25*p**2 - 149*p + 3. What is q(-10)?
-7
Let c(a) = 1306*a + 9148. Give c(-7).
6
Let s(d) = -d**3 + 10*d**2 - 31*d - 9. Determine s(5).
-39
Let y(t) = -2*t**2 - 31*t + 204. What is y(5)?
-1
Let a(z) = -5*z**3 - 3*z**2 + 11*z + 10. Give a(-5).
505
Let h(s) = -69*s**3 - 64*s**2 - 66*s - 1. What is h(-1)?
70
Let s(k) = -9*k + 258. Determine s(33).
-39
Let k(d) = 3*d**2 + 15*d + 2. Give k(-4).
-10
Let i(f) = -2689*f - 107554. Give i(-40).
6
Let g(z) = 3*z**2 + 29*z + 138. Calculate g(-7).
82
Let l(r) = -454*r + 7712. What is l(17)?
-6
Let v(b) = -2*b**2 + 15*b. Determine v(-6).
-162
Let x(i) = -i**2 - 79*i - 1064. Give x(-61).
34
Let m(d) = d**3 - 13*d**2 - 54*d - 45. Determine m(-2).
3
Let s(g) = 2*g**2 - 218*g - 6050. What is s(-23)?
22
Let x(s) = s**3 - 32*s**2 + 34*s - 71. Calculate x(31).
22
Let b(l) = -108*l + 384. Calculate b(4).
-48
Let g(m) = -2*m**2 + 507*m - 3010. Calculate g(6).
-40
Let x(w) = -373*w + 23871. Calculate x(64).
-1
Let w(g) = g**2 - 7*g - 21. Determine w(-12).
207
Let a(l) = l**3 - 8*l**2 + 11*l - 33. What is a(6)?
-39
Let k(s) = -49*s + 10038. Determine k(205).
-7
Let l(r) = -9*r**3 + 1390*r**2 - 612*r - 619. What is l(154)?
-3
Let u(t) = 2*t**2 - 42*t + 306. Calculate u(13).
98
Let r(n) = n**3 - 6*n**2 - 2*n + 22. Calculate r(2).
2
Let b(j) = -312*j + 8439. Determine b(27).
15
Let s(j) = j**2 + 26*j - 182. What is s(-31)?
-27
Let g(z) = 56*z**2 - 304*z + 607. Determine g(2).
223
Let v(b) = 3*b**2 + 49*b - 30. What is v(-17)?
4
Let j(x) = 20*x - 1178. Determine j(59).
2
Let t(c) = 15*c**2 - 79*c - 36. Give t(5).
-56
Let i(v) = v**3 + 6*v**2 + 16*v + 51. Calculate i(-5).
-4
Let b(v) = -2*v**2 + 31*v - 32. Give b(6).
82
Let b(z) = -z**3 + 38*z**2 - 5*z - 1268. Give b(37).
-84
Let h(w) = -w**2 + 4*w + 70. Give h(-8).
-26
Let l(b) = 17*b**2 - 118*b - 750. Calculate l(-6).
570
Let d(p) = p**2 - 15*p - 214. Determine d(-10).
36
Let f(k) = 88*k + 373. Determine f(-4).
21
Let j(m) = -m**2 - 616*m - 2457. Calculate j(-4).
-9
Let t(p) = 225*p**2 - 8*p - 8. What is t(-1)?
225
Let t(g) = 2707*g - 2669. What is t(1)?
38
Let g(y) = y**2 - 75*y + 17. Give g(75).
17
Let l(b) = 6*b - 115. Calculate l(-10).
-175
Let u(d) = 4418*d - 44153. Give u(10).
27
Let n(v) = 513*v + 10776. What is n(-21)?
3
Let h(v) = -v**3 + 205*v**2 + 411*v + 625. Determine h(207).
4
Let u(m) = -m - 56. What is u(14)?
-70
Let n(s) = 383*s - 402. Give n(1).
-19
Let m(t) = -40*t + 578. Give m(15).
-22
Let z(s) = 25*s + 1252. What is z(-76)?
-648
Let i(r) = 13*r**3 - 18*r**2 + 14*r - 15. What is i(1)?
-6
Let c(k) = -k**3 - 7*k**2 - 7*k + 34. Determine c(-4).
14
Let g(w) = 20*w**2 - 227*w + 90. Calculate g(11).
13
Let a(w) = -w**3 - 33*w**2 - 41*w + 650. What is a(-31)?
-1
Let y(h) = -964*h - 955. Determine y(-1).
9
Let w(z) = -196*z - 1324. Give w(-5).
-344
Let d(x) = -x**3 + 9*x**2 + 13*x + 262. Give d(12).
-14
Let c(l) = -2*l**2 - 110*l - 1001. Calculate c(-10).
-101
Let n(q) = -31*q - 628. Calculate n(-20).
-8
Let z(v) = v**2 + 86*v + 1247. What is z(-68)?
23
Let s(z) = -6*z**2 - 208*z - 1373. Determine s(-9).
13
Let c(p) = -2*p**3 - 8*p**2 - 8*p - 62. Determine c(-4).
-30
Let v(l) = -4*l - 54. What is v(7)?
-82
Let h(q) = 81*q + 558. Give h(-7).
-9
Let y(x) = -28*x - 1122. What is y(-34)?
-170
Let j(m) = -6*m - 217. Determine j(-40).
23
Let w(i) = 2*i**2 - 13*i - 45. Calculate w(10).
25
Let m(h) = 2*h**3 + 12*h**2 + 26*h + 44. Determine m(-4).
4
Let s(d) = 1645*d - 37822. Calculate s(23).
13
Let y(t) = 3*t**2 - 325*t + 8730. What is y(49)?
8
Let f(u) = u**2 - 562*u - 7469. Determine f(-13).
6
Let p(n) = n**2 + 125*n - 254. Calculate p(2).
0
Let z(u) = u**2 - 2424*u + 50466. Calculate z(21).
3
Let h(w) = -5*w**2 - 424*w + 2566. Give h(6).
-158
Let v(j) = -j**3 + 3*j**2 + 76*j - 22. Give v(10).
38
Let d(f) = -13*f**2 + 93*f - 128. Give d(5).
12
Let z(s) = 11*s - 66. Give z(12).
66
Let n(l) = -352*l + 719. Give n(2).
15
Let f(j) = -95*j - 691. Give f(6).
-1261
Let c(i) = 89*i**2 - 37*i - 75. Give c(-2).
355
Let r(c) = c**3 + 70*c**2 - 202*c + 1231. What is r(-73)?
-10
Let i(h) = -24*h - 709. What is i(-29)?
-13
Let q(x) = x**2 - 68*x - 202. Determine q(-3).
11
Let g(y) = 3*y**2 + 97*y + 123. What is g(-34)?
293
Let y(b) = b**2 + 12*b - 70. What is y(-20)?
90
Let k(x) = -x**2 - 2*x + 11. What is k(0)?
11
Let q(i) = -96*i + 7407. Determine q(77).
15
Let y(g) = g**3 - g**2 - 31. Determine y(0).
-31
Let v(d) = 204*d + 2664. Determine v(-13).
12
Let y(w) = 19*w - 838. Determine y(44).
-2
Let k(q) = 3*q**3 + 62*q**2 + 34*q - 108. Give k(-20).
12
Let x(u) = u**3 - 32*u - 14. Determine x(6).
10
Let m(r) = 53*r - 740. Calculate m(14).
2
Let c(j) = -4*j - 33. Calculate c(-39).
123
Let x(z) = 3*z**3 + 5*z**2 - 18*z + 14. Calculate x(5).
424
Let b(a) = a**3 - 4*a**2 - 24*a - 1. Calculate b(7).
-22
Let x(j) = -j**2 + 21*j + 145. Give x(-8).
-87
Let k(t) = -t**3 + 58*t**2 + 753*t + 8. Calculate k(69).
-406
Let c(i) = -18*i**2 + 146*i + 8. Give c(7).
148
Let y(s) = 562*s - 2288. What is y(4)?
-40
Let g(b) = 44*b - 540. What is g(13)?
32
Let b(h) = h**2 - 2299*h - 53408. Give b(-23).
-2
Let s(q) = 4220*q + 16886. What is s(-4)?
6
Let i(k) = k**2 + 142*k + 142. Give i(-141).
1
Let n(p) = p**3 - 10*p**2 + p + 57. What is n(9)?
-15
Let m(n) = -91*n - 403. Give m(-3).
-130
Let l(v) = -v**2 - 39*v - 294. Calculate l(-28).
14
Let h(i) = -i**2 + 29*i - 10. Calculate h(29).
-10
Let b(n) = 2024*n - 2056. Determine b(1).
-32
Let l(q) = -6*q**3 + 8*q**2 - 31*q - 5. Give l(5).
-710
Let y(c) = -105*c - 99. Give y(1).
-204
Let b(j) = j**2 - 10*j - 1357. Give b(42).
-13
Let a(m) = -48*m**2 - 3*m + 1. What is a(1)?
-50
Let i(c) = 9*c - 573. What is i(65)?
12
Let a(m) = 58*m + 228. Give a(-4).
-4
Let j(l) = 15*l**2 - 1886*l + 1375. Give j(125).
0
Let w(b) = -488*b + 1391. Calculate w(3).
-73
Let w(g) = 2*g**3 - 82*g**2 + 91*g - 431. Give w(40).
9
Let k(u) = u**3 + 6*u**2 + 13*u. What is k(-5)?
-40
Let h(l) = -3*l**3 - l**2 - 5*l - 1. What is h(-5)?
374
Let l(v) = 26*v + 109. Give l(-13